mine k(-14).
-16
Let k(f) = -3*f**2 + 3*f - 3. Calculate k(3).
-21
Let h(x) = 2*x**3 - 11*x**2 + 9*x - 2. Calculate h(4).
-14
Let r(n) = -4*n + 5. What is r(2)?
-3
Let a(s) = -s**2 - 11*s - 5. Calculate a(-6).
25
Let l(j) = j**2 + 13*j - 1. Calculate l(-12).
-13
Let m(x) = x**3 + 15*x**2 - 2*x - 36. What is m(-15)?
-6
Let p(c) = c**2 + 7*c - 45. Calculate p(-11).
-1
Let m(w) = -w**2 + 4*w + 9. Calculate m(5).
4
Let u(x) = 20*x + 5. Determine u(-2).
-35
Let w(i) = -3*i**3 + 35*i**2 + 12*i + 2. Give w(12).
2
Let i(v) = 4*v + 71. Determine i(-9).
35
Let q(l) = -l**2 + 13*l + 12. Give q(14).
-2
Let x(l) = 2*l + 9. Determine x(11).
31
Let d(y) = -8*y**2 + 15*y - 31. What is d(3)?
-58
Let m(d) = -d**3 + 3*d**2 - 5*d + 4. Calculate m(2).
-2
Let d(b) = 8*b - 5. Calculate d(0).
-5
Let c(h) = 11*h + 9. Calculate c(-2).
-13
Let k(a) = 2*a**3 + 5*a**2 - a - 3. Determine k(-2).
3
Let f(u) = -u**2 + 27*u + 3. What is f(27)?
3
Let h(s) = -s**2 - 25*s - 35. Give h(-24).
-11
Let m(s) = -s**3 - 23*s**2 - s - 24. Give m(-23).
-1
Let r(c) = 11*c + 1. Give r(4).
45
Let z(n) = -n**3 + 2*n**2 + 3*n + 2. Determine z(3).
2
Let v(a) = -a**2 - 5*a - 6. Determine v(4).
-42
Let g(c) = 5*c + 4. Give g(-2).
-6
Let a(q) = 2*q**2 - 10*q + 17. Calculate a(6).
29
Let f(c) = 2*c + 23. Give f(20).
63
Let y(v) = 16*v - 90. Calculate y(6).
6
Let l(h) = h**3 + 3*h**2 - 2*h - 14. Give l(4).
90
Let b(y) = 5*y + 72. What is b(-13)?
7
Let z(k) = -k**2 + 2*k - 1. Determine z(2).
-1
Let d(c) = c**3 - 21*c**2 - 22*c - 6. Calculate d(22).
-6
Let v(g) = 9*g - 18. Give v(11).
81
Let l(f) = -f**3 + 3*f**2 - 2*f + 2. Give l(3).
-4
Let m(z) = z**3 + z**2 - 4*z - 3. Calculate m(-1).
1
Let q(w) = 3*w + 7. Calculate q(-3).
-2
Let c(s) = 2*s**3 + 9*s**2 - 6*s - 7. Give c(-5).
-2
Let a(b) = -b**3 - 8*b**2 + 12*b + 3. Give a(-5).
-132
Let o(n) = n - 1. What is o(-18)?
-19
Let k(c) = -c**2 - 12*c + 29. Calculate k(-14).
1
Let g(p) = p**2 + 3*p - 9. Calculate g(-5).
1
Let n(a) = 2*a**3 + 2*a**2 + 4*a + 12. Determine n(-2).
-4
Let z(f) = f**3 + 10*f**2 + 11*f + 3. Determine z(-8).
43
Let w(a) = a - 16. What is w(7)?
-9
Let z(s) = -6*s**2 + 9*s - 16. What is z(4)?
-76
Let a(h) = -2*h - 11. Give a(-1).
-9
Let l(z) = -z**3 + 14*z**2 - 2*z + 6. Calculate l(14).
-22
Let d(a) = -a**3 - 2*a**2 + 4*a + 4. What is d(-2)?
-4
Let s(g) = -8*g + 22. Calculate s(2).
6
Let v(r) = r**3 - 11*r**2 + 7*r + 1. Calculate v(10).
-29
Let q(o) = -o**3 + 7*o**2 - 12*o + 35. Determine q(6).
-1
Let t(o) = -3*o + 22. Give t(10).
-8
Let p(n) = -10*n + 89. What is p(11)?
-21
Let n(t) = 9*t - 78. What is n(10)?
12
Let s(n) = 2*n**2 - n - 4. Give s(3).
11
Let u(a) = 2*a + 35. Give u(-21).
-7
Let z(o) = o + 10. Determine z(-11).
-1
Let w(n) = n**2 - 15*n - 36. Give w(17).
-2
Let q(d) = 18*d + 129. Give q(-7).
3
Let z(g) = -2*g**2 - 9*g + 6. What is z(-8)?
-50
Let k(q) = -q**3 - 25*q**2 - 48*q - 38. What is k(-23)?
8
Let f(y) = -11*y + 39. What is f(4)?
-5
Let m(c) = -9*c**2 + 2*c + 1. Calculate m(-2).
-39
Let i(p) = 8*p - 3. Calculate i(1).
5
Let t(z) = 4*z + 39. What is t(-9)?
3
Let t(j) = 43*j - 5. Give t(0).
-5
Let d(t) = t**3 - 29*t**2 - 2*t + 50. Calculate d(29).
-8
Let u(a) = -2*a**2 + 29*a - 24. What is u(14)?
-10
Let h(d) = d**3 + 5*d**2 + 6*d + 22. Calculate h(-8).
-218
Let w(k) = 4*k**2 + 6*k + 3. Give w(-4).
43
Let t(b) = -b**2 - 16*b - 12. Give t(-10).
48
Let h(q) = -q**2 + 13*q - 8. Give h(8).
32
Let u(g) = -g**2 + 5*g + 5. Determine u(-2).
-9
Let b(n) = -6*n + 42. Calculate b(6).
6
Let a(m) = -m**3 - 9*m**2 - 15*m + 7. Determine a(-6).
-11
Let y(l) = -19*l**2 + 113*l + 13. Determine y(6).
7
Let q(i) = i**3 - 21*i**2 - 22*i - 14. Give q(22).
-14
Let s(t) = -6*t - 54. Calculate s(-10).
6
Let b(y) = -5*y + 62. Give b(13).
-3
Let k(r) = -r**2 + 5*r + 270. Give k(-14).
4
Let t(p) = p**2 + 28*p + 123. Give t(-7).
-24
Let u(p) = 3*p**2 - 4*p - 4. What is u(-1)?
3
Let n(g) = 26*g + 84. Calculate n(-4).
-20
Let q(s) = -s**3 - 4*s**2 - 4*s. What is q(-3)?
3
Let u(n) = -n**3 + n**2 + n + 5. What is u(-3)?
38
Let g(y) = -y**2 - 3*y + 6. Calculate g(4).
-22
Let x(p) = p**3 + 4*p**2 - 15*p - 13. Determine x(-6).
5
Let g(z) = 3*z**3 + 3*z**2 + 6*z + 16. What is g(-3)?
-56
Let l(v) = 64*v + 515. Calculate l(-8).
3
Let j(t) = 34*t + 238. What is j(-7)?
0
Let i(n) = -27*n + 75. Calculate i(7).
-114
Let s(v) = -2*v**3 + v**2 + v. Determine s(3).
-42
Let y(o) = -40*o + 1. What is y(-1)?
41
Let x(j) = -j + 2. Determine x(5).
-3
Let o(f) = 3*f**2 - 32*f + 15. Determine o(10).
-5
Let s(z) = z**3 - 20*z**2 + 34*z - 3. Determine s(18).
-39
Let t(m) = -95*m**3 - m**2 + 5*m - 3. Determine t(1).
-94
Let o(x) = x + 26. Give o(-21).
5
Let p(o) = -o**2 + 18*o - 16. Calculate p(17).
1
Let k(h) = -h**3 + 3*h**2 - 39*h + 120. Calculate k(3).
3
Let m(r) = -r**3 - 29*r**2 + 32*r + 62. Calculate m(-30).
2
Let i(n) = n**3 - n - 5. Determine i(-2).
-11
Let g(m) = -2*m**3 + 4*m**2 - m - 4. Give g(4).
-72
Let y(k) = -k**2 + 9*k - 16. Calculate y(3).
2
Let i(n) = n**2 - 14*n + 42. Determine i(6).
-6
Let j(m) = m**2 - 14*m + 20. Give j(9).
-25
Let t(q) = -q**2 - 2*q + 16. Give t(-6).
-8
Let i(s) = -s**2 - 3*s - 7. Determine i(-2).
-5
Let r(t) = 5*t + 2. Calculate r(6).
32
Let d(p) = p**2 - 11*p + 13. Give d(10).
3
Let u(q) = -2*q + 6. What is u(-7)?
20
Let g(q) = q**3 + 8*q**2 + 13*q + 4. Determine g(-5).
14
Let q(f) = f**3 + 11*f**2 + 7*f - 16. Determine q(-11).
-93
Let u(v) = v**3 - 5*v**2 + 5*v + 6. What is u(3)?
3
Let t(s) = -s**2 - 6*s + 13. Determine t(-8).
-3
Let x(w) = -2*w**2 - 17*w + 30. Calculate x(-10).
0
Let w(d) = 2*d**2 - 2*d + 1. Give w(7).
85
Let b(r) = -3*r - 3. What is b(4)?
-15
Let r(i) = -17*i - 38. Give r(-2).
-4
Let k(m) = -m**2 + 6*m + 7. Give k(6).
7
Let s(g) = g**3 - 11*g**2 + 19*g + 17. Give s(9).
26
Let u(m) = -37*m + 300. Calculate u(8).
4
Let b(g) = g**3 + 5*g**2 + 2*g + 7. Give b(-5).
-3
Let v(u) = 4*u - 34. Determine v(12).
14
Let i(t) = -t**3 - 9*t**2 - 3*t + 13. Give i(-9).
40
Let n(q) = q**3 + 6*q**2 + q - 5. Give n(-5).
15
Let m(y) = -y**2 + 5*y + 7. What is m(5)?
7
Let p(b) = -3*b + 10. Calculate p(7).
-11
Let a(o) = 13*o - 286. What is a(21)?
-13
Let a(z) = 7*z - 161. Determine a(18).
-35
Let v(s) = s**3 - 7*s**2 + 3*s + 2. What is v(3)?
-25
Let h(w) = 2*w**3 + 11*w**2 - 7*w - 3. Determine h(-6).
3
Let j(g) = 80*g + 2. What is j(-1)?
-78
Let z(k) = k**2 - 8*k - 6. What is z(9)?
3
Let i(k) = k**2 - 5*k + 10. What is i(7)?
24
Let l(w) = -w**3 + 5*w**2 + 2*w - 5. Give l(5).
5
Let f(u) = u**3 + 4*u**2 - 2*u - 8. Calculate f(-3).
7
Let m(y) = -y**3 + 11*y**2 - 10*y + 4. Determine m(10).
4
Let h(s) = -s**3 + 13*s**2 - 13*s + 21. Calculate h(12).
9
Let i(h) = h**2 + 9*h + 8. What is i(-11)?
30
Let a(y) = 4*y**2 - 39*y + 38. Determine a(9).
11
Let o(t) = t**3 + 15*t**2 - 13*t + 11. Calculate o(-16).
-37
Let y(v) = v**2 - 9*v + 2. Calculate y(-4).
54
Let b(i) = -i**2 + 14*i - 3. Give b(12).
21
Let q(u) = -u + 13. What is q(6)?
7
Let j(z) = -z - 14. Determine j(-9).
-5
Let z(a) = -4*a**2 + 4*a + 13. Calculate z(-2).
-11
Let v(d) = d**3 - 9*d**2 + 18*d + 5. Calculate v(5).
-5
Let l(d) = d**2 - 15*d + 1. Determine l(10).
-49
Let x(g) = g**3 - 8*g**2 + 21*g - 53. What is x(6)?
1
Let z(c) = 2*c**2 - 41*c + 17. Give z(20).
-3
Let v(o) = -31*o - 369. Determine v(-12).
3
Let s(h) = h**2 + 7*h + 2. Calculate s(-8).
10
Let r(h) = h**2 + 16*h - 37. Determine r(2).
-1
Let b(k) = 6*k**2 - 5. Give b(4).
91
Let x(j) = -j**2 - 50*j + 677. Determine x(11).
6
Let j(i) = i + 10. What is j(-19)?
-9
Let j(y) = 8*y + 4. Give j(-3).
-20
Let l(t) = -t**3 - 8*t**2 - 2*t - 9. Determine l(-8).
7
Let i(p) = -p - 31. Determine i(-37).
6
Let t(w) = -w**3 + w**2 + 2*w + 37. Give t(0).
37
Let i(f) = -2*f**2 - f - 1. Calculate i(2).
-11
Let a(l) = -20*l + 2. Calculate a(1).
-18
Let f(i) = 6*i - 74. Determine f(14).
10
Let t(a) = 12*a**2 + 2*a - 2. What is t(-3)?
100
Let x(j) = -j**2 + 29*j - 45. Determine x(28).
-17
Let k(p) = p**3 - 23*p**2 + 19. What is k(23)?
19
Let j(h) = -4*h**2 + h + 15. What is j(3)?
-18
Let k(i) = -i**2 - 7*i + 5. Calculate k(-6).
11
Let j(m) = -m**3 + 6*m**2 + 3*m + 4. What is j(6)?
22
Let n(m) = -m + 39. Determine n(24).
15
Let g(h) = -13*h**3 + 5*h**2. What is g(1)?
-8
Let t(k) = k**3 - 3*k**2 - 6*k - 22. Determine t(5).
-2
Let n(p) = -